{"id":32,"date":"2021-12-29T17:14:40","date_gmt":"2021-12-29T17:14:40","guid":{"rendered":"https:\/\/tahtiatyylilla.fi\/wordpress\/?page_id=32"},"modified":"2021-12-30T05:34:27","modified_gmt":"2021-12-30T05:34:27","slug":"teematunnit","status":"publish","type":"page","link":"https:\/\/tahtiatyylilla.fi\/wordpress\/?page_id=32","title":{"rendered":"TEEMATUNNIT"},"content":{"rendered":"\n<p>Tunnit p\u00e4ivittyv\u00e4t, kun korona tilanne selvi\u00e4\u00e4. (mm. kokoontumisrajoitukset yms.)<\/p>\n\n\n\n<figure class=\"wp-block-image size-full is-resized\"><img loading=\"lazy\" decoding=\"async\" src=\"https:\/\/tahtiatyylilla.fi\/wordpress\/wp-content\/uploads\/2021\/12\/ZumbaKettu-753x1024-1.jpg\" alt=\"\" class=\"wp-image-107\" width=\"285\" height=\"388\" srcset=\"https:\/\/tahtiatyylilla.fi\/wordpress\/wp-content\/uploads\/2021\/12\/ZumbaKettu-753x1024-1.jpg 753w, https:\/\/tahtiatyylilla.fi\/wordpress\/wp-content\/uploads\/2021\/12\/ZumbaKettu-753x1024-1-221x300.jpg 221w\" sizes=\"auto, (max-width: 285px) 100vw, 285px\" \/><\/figure>\n\n\n\n<p><\/p>\n","protected":false},"excerpt":{"rendered":"<p>Tunnit p\u00e4ivittyv\u00e4t, kun korona tilanne selvi\u00e4\u00e4. (mm. kokoontumisrajoitukset yms.)<\/p>\n","protected":false},"author":1,"featured_media":0,"parent":0,"menu_order":0,"comment_status":"closed","ping_status":"closed","template":"","meta":{"footnotes":""},"class_list":["post-32","page","type-page","status-publish","hentry"],"_links":{"self":[{"href":"https:\/\/tahtiatyylilla.fi\/wordpress\/index.php?rest_route=\/wp\/v2\/pages\/32","targetHints":{"allow":["GET"]}}],"collection":[{"href":"https:\/\/tahtiatyylilla.fi\/wordpress\/index.php?rest_route=\/wp\/v2\/pages"}],"about":[{"href":"https:\/\/tahtiatyylilla.fi\/wordpress\/index.php?rest_route=\/wp\/v2\/types\/page"}],"author":[{"embeddable":true,"href":"https:\/\/tahtiatyylilla.fi\/wordpress\/index.php?rest_route=\/wp\/v2\/users\/1"}],"replies":[{"embeddable":true,"href":"https:\/\/tahtiatyylilla.fi\/wordpress\/index.php?rest_route=%2Fwp%2Fv2%2Fcomments&post=32"}],"version-history":[{"count":2,"href":"https:\/\/tahtiatyylilla.fi\/wordpress\/index.php?rest_route=\/wp\/v2\/pages\/32\/revisions"}],"predecessor-version":[{"id":109,"href":"https:\/\/tahtiatyylilla.fi\/wordpress\/index.php?rest_route=\/wp\/v2\/pages\/32\/revisions\/109"}],"wp:attachment":[{"href":"https:\/\/tahtiatyylilla.fi\/wordpress\/index.php?rest_route=%2Fwp%2Fv2%2Fmedia&parent=32"}],"curies":[{"name":"wp","href":"https:\/\/api.w.org\/{rel}","templated":true}]}}